{"id":8,"date":"2013-03-05T11:38:58","date_gmt":"2013-03-05T10:38:58","guid":{"rendered":"http:\/\/www.ulvangsvegen.no\/?page_id=8"},"modified":"2025-06-23T14:20:57","modified_gmt":"2025-06-23T13:20:57","slug":"veglagets-lover","status":"publish","type":"page","link":"https:\/\/www.ulvangsvegen.no\/?page_id=8","title":{"rendered":"Vedtekter"},"content":{"rendered":"\n<p><strong>Ulvangsvegen Veglag&nbsp; (Forening med org.nr. 999 332 749) <\/strong><\/p>\n\n\n\n<p>Vedtekter vedtatt p\u00e5 \u00c5rsm\u00f8tet 7.8.2021.<\/p>\n\n\n\n<p>Forretningsadresse:<\/p>\n\n\n\n<p>c\/o Truls Gjefsen (styreleder) <\/p>\n\n\n\n<p>Nyseterjordet 29, 2670 Otta<\/p>\n\n\n\n<p><strong>\u00a7 1 VEGLAGET <\/strong><\/p>\n\n\n\n<p>Ulvangsvegen Veglag (Veglaget) omfatter\nUlvangsvegen i Sel Kommune fra krysset mot Tj\u00f8nnbakkvegen til snuplass&nbsp; p\u00e5 Berget inkludert parkeringsplass ved\noppkj\u00f8ring til Berget, parkeringsplass og snuplass p\u00e5 Berget.<\/p>\n\n\n\n<p>Veglaget er en forening med vekslende\nmedlemstall, vekslende kapital og begrenset ansvar. Medlemmene hefter bare med\nsin \u00e5rskontingent for lagets forpliktelser. Veglaget er selveiende og drives av\nmedlemmene i henhold til vedtekter og beslutninger p\u00e5&nbsp; \u00c5rsm\u00f8tet&nbsp;\neller ekstraordin\u00e6re Medlemsm\u00f8ter. Forretningsadresse er adressen til\nden til enhver tid sittende styrelederen .<\/p>\n\n\n\n<p><strong>\u00a7 2 FORM\u00c5L <\/strong><\/p>\n\n\n\n<p>Veglaget skal st\u00e5 for den daglige drift,\nvedlikehold og utbedring av Ulvangsvegen og s\u00f8rge for at den er i forsvarlig\nstand. Veglaget skal kreve inn kontingent og eventuelle andre avgifter til\ndekning av Veglagets utgifter.<\/p>\n\n\n\n<p><strong>\u00a7 3 VEDLIKEHOLD OG DRIFT<\/strong><\/p>\n\n\n\n<p>Veglaget har det \u00f8konomiske og praktiske\nansvar for n\u00f8dvendig vedlikehold og drift av Ulvangsvegen. <\/p>\n\n\n\n<p>Styret kan nekte bruk av vegen for\nmedlemmer som ikke f\u00f8lger vedtektene og Styrets instrukser, og\/eller som ikke\nhar betalt innmeldingsgebyr, \u00e5rskontingent eller bomgebyr innen de frister som\nsettes.<\/p>\n\n\n\n<p>Det er forbudt \u00e5 legge t\u00f8mmer eller annet\ninn i vegbanen, i gr\u00f8fter, p\u00e5 m\u00f8teplasser eller p\u00e5 snuplasser. Kvist og annet\navfall m\u00e5 straks fjernes fra slike steder. Det m\u00e5 utvises spesiell aktsomhet\nved nedbarking og lignende av bekker utenfor vegomr\u00e5det. Skader p\u00e5 vegbane og\nstikkrenner som for\u00e5rsakes av det enkelte medlem\/bruker skal straks utbedres.<\/p>\n\n\n\n<p>Skader utover normal slitasje som p\u00e5f\u00f8res\nvegen som f\u00f8lge av et enkelt medlems bruk, ferdsel og\/eller transport, skal\nutbedres og bekostes av vedkommende skadevolder. Styret kan iverksette tiltak\nfor \u00e5 regulere og sikre bruken av og ferdselen p\u00e5 Ulvangsvegen. <\/p>\n\n\n\n<p><strong>\u00a7 4 MEDLEMSKAP<\/strong><\/p>\n\n\n\n<p>Enkeltpersoner eller bedrifter som er\ngrunneiere med naturlig geografisk tilknytning til Ulvangsvegen kan bli medlem\ni Veglaget.<\/p>\n\n\n\n<p>Ogs\u00e5 andre grunneiere som har nytte av\nUlvangsvegen og som Veglaget er interessert i \u00e5 ha som medlemmer kan tas opp\nsom medlemmer. Det vil si grunneiere og festere som driver aktiviteter som\nnaturlig faller inn under form\u00e5let og som identifiserer seg med Veglagets\nform\u00e5l, vedtekter og retningslinjer. Styret innstiller i slike tilfeller p\u00e5\nopptak av medlemmer i Veglaget Opptak godkjennes av \u00c5rsm\u00f8tet med alminnelig\nflertall.<\/p>\n\n\n\n<p>Medlemskap er begrenset til ett medlemskap\npr. eiendom.<\/p>\n\n\n\n<p><strong>\u00a7 5 INNMELDING OG UTMELDING AV\nMEDLEMMER<\/strong><\/p>\n\n\n\n<p>Nye medlemmer m\u00e5 sende en skriftlig s\u00f8knad\ntil Veglagets Styre, som vurderer s\u00f8knaden og innvilger\/avsl\u00e5r denne. <\/p>\n\n\n\n<p>Dersom det nye medlemskapet inneb\u00e6rer\ntilknytning av eiendommen til Ulvangsvegen for f\u00f8rste gang, skal det betales en\ninnmeldingsavgift p\u00e5 det til enhver tid gjeldende bel\u00f8pet fastsatt av \u00c5rsm\u00f8tet,\nfor \u00f8yeblikket satt til kr 3.000.-. <\/p>\n\n\n\n<p>&nbsp;Nye\nmedlemmer ut\u00f8ver sine rettigheter n\u00e5r innmeldingsavgift\/gebyr samt\n\u00e5rskontingent er betalt, og \u00f8vrige vilk\u00e5r for inntreden er oppfylt.<\/p>\n\n\n\n<p>N\u00e5r et medlem melder seg ut av laget har\nvedkommende ikke krav p\u00e5 tilbakebetaling av andel av foreningens formue eller\nav innbetalt \u00e5rskontingent for det aktuelle \u00e5r.<\/p>\n\n\n\n<p>Dersom et medlem vil melde seg ut av\nVeglaget fordi vedkommende har solgt sin hytte, plikter vedkommende ved utmelding\n\u00e5 oppgi til Styret fullt navn, folkeregistrert adresse, telefonnummer og\nepost-adresse p\u00e5 hyttas nye eier.<\/p>\n\n\n\n<p>En uttreden av Veglaget hindrer ikke de\n\u00f8vrige medlemmer i \u00e5 bruke vegen over det utmeldte medlemmets grunn. <\/p>\n\n\n\n<p><strong>\u00a7 6 MEDLEMMENES PLIKTER OG RETTIGHETER<\/strong><\/p>\n\n\n\n<p>Medlemmene har rett til lik og rettferdig\nbruk av Veglagets tjenester. Medlemmene har rett og plikt til \u00e5 ta imot\ntillitsverv. Medlemmene plikter \u00e5 f\u00f8lge vedtekter og retningslinjer gitt av\nStyret for drift av Veglaget .<\/p>\n\n\n\n<p>Bruk av Ulvangsvegen skal s\u00f8kes begrenset\ntil n\u00f8dvendig kj\u00f8ring til og fra eiendommene.<\/p>\n\n\n\n<p>Ikke-medlemmer, som \u00f8nsker \u00e5 benytte\nvegen, m\u00e5 s\u00f8ke Veglagets styre om dette. \u00c5rsm\u00f8tet kan fastsette eventuell\nvegavgift.<\/p>\n\n\n\n<p>De bruksberettigede og andre som etter\ns\u00f8knad er gitt begrenset bruksrett skal rette seg etter Veglagets bestemmelser\nom bruk av vegen.<\/p>\n\n\n\n<p>F\u00f8lgende eksterne brukere skal sikres\nadgang til vegen for beredskap og vedlikehold :<\/p>\n\n\n\n<ul class=\"wp-block-list\"><li>Sel Kommune, teknisk etat for tilgang til vannverk ved Ulvangsvegen<\/li><\/ul>\n\n\n\n<ul class=\"wp-block-list\"><li>Sel Kommune, beredskapssenter for tilgang ved brann og annen beredskap<\/li><\/ul>\n\n\n\n<ul class=\"wp-block-list\"><li>Fjellnett AS, for tilgang til vedlikehold av str\u00f8mnett<\/li><\/ul>\n\n\n\n<ul class=\"wp-block-list\"><li>Politi gjennom nasjonal beredskapstjeneste<\/li><\/ul>\n\n\n\n<p><strong>\u00a7 7 KONTINGENT<\/strong><\/p>\n\n\n\n<p>St\u00f8rrelsen p\u00e5 \u00e5rskontingenten fastsettes\nav \u00c5rsm\u00f8tet etter innstilling fra Styret. Med mindre annet blir bestemt er\nkontingenten lik for alle medlemmene.<\/p>\n\n\n\n<p>Tap av bombrikke skal umiddelbart meldes\nStyret. Nye bombrikker kan kj\u00f8pes via Styret til pris fastsatt av Styret <\/p>\n\n\n\n<p>Dersom en bombrikke er stengt av Styret\npga. manglende betaling eller mislighold av regler for bruk av vegen kan den\ngjen\u00e5pnes mot et gebyr som fastsettes av Styret.<\/p>\n\n\n\n<p>\u00c5rsm\u00f8tet kan fastsette avgift for\nregistrering av telefonnummer for \u00e5pning av bommen. Avgift er n\u00e5 satt til kr.\n0.- pr. telefonnummer.<\/p>\n\n\n\n<p>Ikke-medlemmer som gis anledning til \u00e5 benytte\nvegen kan bli p\u00e5lagt \u00e5 delta i \u00e5 dekke utgiftene til eventuelle utbedrings- og\nvedlikeholdsarbeider.<\/p>\n\n\n\n<p>Styret f\u00f8rer protokoll over medlemmene.<\/p>\n\n\n\n<p><strong>\u00a7 8 GRUNN TIL VEIER, VELTEPLASS M.V.<\/strong><\/p>\n\n\n\n<p>Samtlige ber\u00f8rte grunneiere i Veglaget\nstiller vederlagsfritt til disposisjon for Veglaget grunn til vei, gr\u00f8fter,\nm\u00f8teplass og snuplass. Parkering utenom egen eiendom skal skje p\u00e5 anvist plass.\nStyret kan kreve at slik parkering legitimeres ved identifikasjon plassert\nunder frontruten.<\/p>\n\n\n\n<p><strong>\u00a7 9 STYRET <\/strong><\/p>\n\n\n\n<p>Ulvangsvegen ledes av et styre og\nforpliktes ved underskrift av Styrets leder og minst ett styremedlem. Styret\nvelges av og blant medlemmene p\u00e5 \u00c5rsm\u00f8tet. Styret best\u00e5r av leder og inntil 5\nmedlemmer. Funksjonstiden for styremedlemmer er 2 \u00e5r. Hvis mulig b\u00f8r minst ett\nav styrets medlemmer velges fra Sel kommune. Styrets leder velges s\u00e6rskilt, og\nfunksjonstiden for Styrets leder er 1 \u00e5r.<\/p>\n\n\n\n<p>Styrem\u00f8ter holdes s\u00e5 ofte Styreleder i\nVeglaget finner det p\u00e5krevet eller n\u00e5r et styremedlem forlanger det. Til gyldig\nvedtak kreves det alminnelig flertall i Styret. Ved stemmelikhet har Styrets\nleder dobbeltstemme. <\/p>\n\n\n\n<p>Det f\u00f8res protokoll over styrem\u00f8tene.\nMotforslag protokollf\u00f8res dersom forslagsstilleren \u00f8nsker det. Saker av mindre\nbetydning avgj\u00f8res av Styrelederen, men skal refereres i f\u00f8rste styrem\u00f8te\nderetter. Protokoll fra styrem\u00f8tene utleveres til medlemmer p\u00e5 foresp\u00f8rsel til\nStyret&nbsp; .<\/p>\n\n\n\n<p><strong>\u00a7 10 VALGKOMIT\u00c9EN<\/strong><\/p>\n\n\n\n<p>Veglaget har ogs\u00e5 en valgkomit\u00e9, som har\nsom oppgave \u00e5 finne og legge frem kandidater til ny Styreleder og nye\nstyremedlemmer for \u00c5rsm\u00f8tet n\u00e5r ett eller flere av Styrets medlemmer er p\u00e5\nvalg. <\/p>\n\n\n\n<p>Valgkomit\u00e9en velges selv av og blant\nmedlemmene p\u00e5 \u00c5rsm\u00f8tet. Valgkomit\u00e9en best\u00e5r av 2 medlemmer, og funksjonstiden\ner 2 \u00e5r.<\/p>\n\n\n\n<p><strong>\u00a7 11 STYRETS MYNDIGHET OG PLIKTER<\/strong><\/p>\n\n\n\n<p>Etter retningslinjer gitt av \u00c5rsm\u00f8tet skal\nStyret:<\/p>\n\n\n\n<p>1. Innen utgangen av august avholde \u00c5rsm\u00f8te for behandling og\ngodkjennelse av \u00e5rsberetning, regnskap og budsjett.<\/p>\n\n\n\n<p>2. Innkalle til medlemsm\u00f8ter ved behov og s\u00f8rge for at det f\u00f8res\nprotokoll fra disse.<\/p>\n\n\n\n<p>3. Veglagets styreleder er ansvarlig for lagets daglige drift, og\nat driften er i samsvar med vedtektene, beslutninger fra \u00c5rsm\u00f8tet og\nbeslutninger fra styret.<\/p>\n\n\n\n<p>4. S\u00f8rge for n\u00f8dvendig vedlikehold av veien, eventuelt oppnevne\ndaglig leder for veiens drift og utarbeide instruks for vedkommende.<\/p>\n\n\n\n<p>5. Drifte boml\u00f8sningen ved Rondane Fjellstue .<\/p>\n\n\n\n<p>6. Lage budsjett og p\u00e5se at \u00e5rskontingent og andre gebyrer kreves\ninn i rett tid, herunder bel\u00f8p avkrevet ikke-medlemmer for deres tillatte bruk\nav vegen.<\/p>\n\n\n\n<p>7. S\u00f8rge for ordnet regnskapsf\u00f8rsel og revisjon, rapporter og\n\u00e5rsberetning.<\/p>\n\n\n\n<p>8. S\u00f8rge for \u00e5 f\u00f8re en oppdatert liste over alle som til enhver tid\ner medlem i Veglaget med relevant informasjon som fullt navn, hytteadresse\nlangs Ulvangsvegen, epost-adresse, telefonnummer og folkeregistrert adresse.<\/p>\n\n\n\n<p>9. Regulere og\/eller stoppe bruk\/ferdsel\/transport for kortere\neller lengre perioden for \u00e5 beskytte vegen, f.eks. ved telel\u00f8sning og i\nflomperioder.<\/p>\n\n\n\n<p>10. S\u00f8rge for oppdatert informasjon p\u00e5 Veglagets hjemmeside om\nforhold som har betydning for medlemmene.<\/p>\n\n\n\n<p>11. S\u00f8rge for informasjon om styresammensetning og \u00e5rsm\u00f8teprotokoll\nblir innrapportert til Br\u00f8nn\u00f8ysundregistrene.<\/p>\n\n\n\n<p>Styrets funksjon kan normalt utf\u00f8res av\nStyrelederen med forutg\u00e5ende samtykke fra de \u00f8vrige medlemmer.<\/p>\n\n\n\n<p><strong>\u00a7 12 \u00c5RSM\u00d8TET<\/strong><\/p>\n\n\n\n<p>\u00c5rsm\u00f8tet er Veglagets \u00f8verste myndighet og\nledes av styrets leder. Det skal holdes minimum et \u00e5rsm\u00f8te pr \u00e5r. \u00c5rsm\u00f8tet\navholdes normalt i m\u00e5nedsskiftet juli\/august , og Styret skal s\u00e5fremt det er\nmulig fors\u00f8ke \u00e5 legge \u00c5rsm\u00f8tet p\u00e5 samme dag\/ tettest mulig opptil datoen for\nn\u00e5r Mysus\u00e6ter Vel avholder sitt \u00e5rsm\u00f8te, med mindre \u00c5rsm\u00f8tet vedtar et annet\ntidspunkt for neste \u00e5rsm\u00f8te. Til \u00c5rsm\u00f8tet skal foreligge styrets \u00e5rsberetning,\n\u00e5rsregnskap, forslag til budsjett, forslag til medlemskontingent, valgkomiteens\ninnstilling og saksliste for \u00e5rsm\u00f8tet.<\/p>\n\n\n\n<p>Innkalling med forel\u00f8pig saksliste sendes\nut minimum seks uker f\u00f8r \u00e5rsm\u00f8tet. Forslag til saker til \u00e5rsm\u00f8tet fra styret\neller andelshavere m\u00e5 foreligge fire uker f\u00f8r \u00e5rsm\u00f8tet. Endelig saksliste til\n\u00e5rsm\u00f8tet, med fullstendig oversikt over saker som skal tas opp under punktene\n\u00abinnkomne saker\u00bb og \u00absaker som fremmes av styret\u00bb, skal sendes ut til\nmedlemmene minimum tre uker f\u00f8r \u00e5rsm\u00f8tet.<\/p>\n\n\n\n<p>\u00c5rsm\u00f8tet skal behandle:<\/p>\n\n\n\n<p>1. Godkjenning\nav innkalling og dagsorden<\/p>\n\n\n\n<p>2. Valg av\nreferent og to medlemmer til \u00e5 underskrive protokollen<\/p>\n\n\n\n<p>3. Styrets\n\u00e5rsberetning<\/p>\n\n\n\n<p>4. Regnskap og\nbudsjett<\/p>\n\n\n\n<p>5. &nbsp;Disponering av overskudd \/ underskudd <\/p>\n\n\n\n<p>6. Fastsettelse\nav \u00e5rskontingent og andre gebyrer<\/p>\n\n\n\n<p>7. Fastsettelse\nav arbeidsplan kommende \u00e5r<\/p>\n\n\n\n<p>8. Saker som\nlegges fram av styret<\/p>\n\n\n\n<p>9. Innkomne\nsaker<\/p>\n\n\n\n<p>10. Valg av\nstyreleder<\/p>\n\n\n\n<p>11. Valg av\nstyremedlemmer<\/p>\n\n\n\n<p>12. Valg av\nvalgkomit\u00e9medlemmer<\/p>\n\n\n\n<p>13. Valg av\nrevisor<\/p>\n\n\n\n<p>14. Eventuelt<\/p>\n\n\n\n<p>P\u00e5 \u00e5rsm\u00f8tet har hvert medlem en stemme,\njfr. \u00a7 4. Avgj\u00f8relser p\u00e5 \u00e5rsm\u00f8tet treffes ved alminnelig flertall.<\/p>\n\n\n\n<p>Medlemmer som ikke kan m\u00f8te p\u00e5 \u00c5rsm\u00f8tet\nkan avgi stemme ved skriftlig fullmakt til et annet medlem. Fullmakt skal\nfremvises ved registrering av deltagere p\u00e5 \u00c5rsm\u00f8tet.<\/p>\n\n\n\n<p><strong>\u00a7 13 EKSTRAORDIN\u00c6RT \u00c5RSM\u00d8TE \/\nMEDLEMSM\u00d8TE<\/strong><\/p>\n\n\n\n<p>N\u00e5r minst 1\/3 av medlemmene, Styrets leder\neller n\u00e5r 2 styremedlemmer forlanger det, skal det innkalles til ekstraordin\u00e6rt\nMedlems m\u00f8te. Medlemsm\u00f8tet skal innkalles med minst 3 ukers frist. Innkallingen\nskal inneholde sakspapirer til de saker som \u00f8nskes behandlet. Det skal v\u00e6re\nminst en m\u00e5ned mellom \u00c5rsm\u00f8te og et ekstraordin\u00e6rt Medlemsm\u00f8te.<\/p>\n\n\n\n<p><strong>\u00a7 14 ANSVAR<\/strong><\/p>\n\n\n\n<p>Medlemmer eller trafikanter som utleder\nsin bruksrett fra disse og som ikke overholder vedtektene, eller ikke retter\nseg etter Styrets anvisninger eller p\u00e5legg, er \u00f8konomiske ansvarlig for skader\nde derved p\u00e5f\u00f8rer vegen og plikter \u00e5 utbedre disse. Dersom slik utbedring ikke\nskjer innen rimelig tid kan Styret bes\u00f8rge utbedring for vedkommendes regning.<\/p>\n\n\n\n<p>Veglaget har intet selvstendig ansvar for\nskade p\u00e5f\u00f8rt medlemmer, andre som benytter vegen eller deres kj\u00f8ret\u00f8y eller\neiendom. Laget har heller intet ansvar for sine medlemmers eventuelle\nskadevoldende handling.<\/p>\n\n\n\n<p><strong>\u00a7 15 TVISTER<\/strong><\/p>\n\n\n\n<p>Tvister mellom medlemmene eller mellom den\nenkelte medlem og Veglaget om forholdet som utspringer fra vegfelleskapet,\navgj\u00f8res ved voldgift. Hver av partene oppnevner en voldgiftsrepresentant og\nsorenskriveren i V\u00e5g\u00e5 som leder. Dersom en av partene ikke har oppnevnt sin\nvoldgiftsrepresentant innen 14 dager etter at han har f\u00e5tt varsel om det,\noppnevner sorenskriveren ogs\u00e5 denne.<\/p>\n\n\n\n<p><strong>\u00a7 16 VEDTEKTSENDRINGER<\/strong><\/p>\n\n\n\n<p>Vedtektsendringer krever 2\/3 flertall av\nde medlemmene som er representert p\u00e5 \u00c5rsm\u00f8tet. Forslag med begrunnelse til\nslike endringer sendes styret senest 1 m\u00e5ned f\u00f8r \u00e5rsm\u00f8tet og sendes fra styret\ntil medlemmene sammen med innkalling til \u00c5rsm\u00f8tet.<\/p>\n","protected":false},"excerpt":{"rendered":"<p>Ulvangsvegen Veglag&nbsp; (Forening med org.nr. 999 332 749) Vedtekter vedtatt p\u00e5 \u00c5rsm\u00f8tet 7.8.2021. Forretningsadresse: c\/o Truls Gjefsen (styreleder) Nyseterjordet 29, 2670 Otta \u00a7 1 VEGLAGET Ulvangsvegen Veglag (Veglaget) omfatter Ulvangsvegen i Sel Kommune fra krysset mot Tj\u00f8nnbakkvegen til snuplass&nbsp; p\u00e5 &hellip; <a href=\"https:\/\/www.ulvangsvegen.no\/?page_id=8\">Les videre <span class=\"meta-nav\">&rarr;<\/span><\/a><\/p>\n","protected":false},"author":1,"featured_media":0,"parent":0,"menu_order":0,"comment_status":"closed","ping_status":"open","template":"","meta":{"footnotes":""},"class_list":["post-8","page","type-page","status-publish","hentry"],"_links":{"self":[{"href":"https:\/\/www.ulvangsvegen.no\/index.php?rest_route=\/wp\/v2\/pages\/8","targetHints":{"allow":["GET"]}}],"collection":[{"href":"https:\/\/www.ulvangsvegen.no\/index.php?rest_route=\/wp\/v2\/pages"}],"about":[{"href":"https:\/\/www.ulvangsvegen.no\/index.php?rest_route=\/wp\/v2\/types\/page"}],"author":[{"embeddable":true,"href":"https:\/\/www.ulvangsvegen.no\/index.php?rest_route=\/wp\/v2\/users\/1"}],"replies":[{"embeddable":true,"href":"https:\/\/www.ulvangsvegen.no\/index.php?rest_route=%2Fwp%2Fv2%2Fcomments&post=8"}],"version-history":[{"count":14,"href":"https:\/\/www.ulvangsvegen.no\/index.php?rest_route=\/wp\/v2\/pages\/8\/revisions"}],"predecessor-version":[{"id":1136,"href":"https:\/\/www.ulvangsvegen.no\/index.php?rest_route=\/wp\/v2\/pages\/8\/revisions\/1136"}],"wp:attachment":[{"href":"https:\/\/www.ulvangsvegen.no\/index.php?rest_route=%2Fwp%2Fv2%2Fmedia&parent=8"}],"curies":[{"name":"wp","href":"https:\/\/api.w.org\/{rel}","templated":true}]}}